 3. Let y(d) = 35*d**3 + 5*d**2 - 29*d + 4. Let f(q) = -8*p(q) - 5*y(q). Let s be 4/18*3*-12. Give f(s).
-4
Let z be (-114)/27 + (-8)/(-36). Let k(s) = -32*s - 5. Let i(p) = 27*p + 5. Let j(y) = -6*i(y) - 5*k(y). What is j(z)?
3
Let l(y) = y**3 + 19*y**2 - 40*y + 48. Let f be l(-21). Let x(u) be the second derivative of u**4/12 - u**3/2 - 3*u**2 - u. Give x(f).
12
Let i(h) = h - 2*h + 3*h - 6 - 10. Let f be i(9). Let r(y) = 3*y**3 - y - 2. Give r(f).
20
Let m(f) = 79*f - 25 + 21 - f**3 - 77*f. Calculate m(0).
-4
Let h be 0 + -1 - (-1 + 0). Let b(x) = -13 + h + 4 - x. Let w be ((-3)/(-6))/(2/(-28)). Calculate b(w).
-2
Let j be (-5 - -1)/((-5)/(-10)). Let v(b) be the second derivative of -b**3/6 - 3*b**2/2 + 1442*b - 2. Determine v(j).
5
Let a = -143 + 139. Let h(q) = -3*q**3 - 3*q**2 - 5*q + 1. Let j = -18 + 9. Let g(i) = 13*i**3 + 11*i**2 + 20*i - 5. Let f(p) = j*h(p) - 2*g(p). Give f(a).
-3
Let c(j) be the second derivative of -j**4/12 + 5*j**3/2 - 13*j**2/2 - 305*j. Determine c(14).
1
Let s(v) = -3*v + 11. Let x be 71/355*(-25 - 0). Calculate s(x).
26
Suppose 0*g - 8 = -4*g. Let a(n) = 5 - 4*n + 3*n - 6. Give a(g).
-3
Let j be 75/10*1*-2. Let i be (39/j - -3)*15. Suppose b + 5*k = i*b + 35, 17 = -3*b + k. Let o(v) = -v - 6. What is o(b)?
-1
Let j(d) = -d**2 + 12*d + 5. Let v be j(12). Suppose -25 = -v*s + 10*s. Let g(n) = 2*n**2 + 7*n + 1. What is g(s)?
16
Suppose -u + 5*d = 122, 2*u = -2*u - d - 425. Let z = -107 - u. Let c(g) = -g - 5. Give c(z).
-5
Let m(k) = -k**3 + 12. Suppose -5 = 4*b + w - 6*w, -5*b + 4*w - 4 = 0. Calculate m(b).
12
Suppose -3*o - 42 = 3*o. Let h be (o/2)/7*0. Let s(k) = -k**3 - k**2 + k - 7. Determine s(h).
-7
Let k(m) = m**3 + m + 1. Let g(z) be the first derivative of -z**4 - 7*z**3/3 + z**2/2 - z + 1. Let j(v) = g(v) + 5*k(v). Calculate j(6).
4
Suppose 0 + 24 = -6*c. Let r(p) be the third derivative of -p**4/24 - 4*p**2. What is r(c)?
4
Let f(w) = 2*w - 4. Let x be f(6). Let p = 37 + -22. Let b = p - x. Let y(o) = o**2 - 9*o + 8. Calculate y(b).
-6
Let k(s) be the second derivative of s**5/20 + s**4/3 + s**3/2 - s**2/2 + 3*s + 13. What is k(-2)?
1
Let y(a) = 5*a - 5. Let u(r) = -2*r + 2. Let o(i) = 14*u(i) + 6*y(i). Let l(w) = 21*w - 9. Let h be l(2). Let s = h - 30. Give o(s).
4
Suppose 2*d - 275 = -23*d - 30*d. Let z(y) = 2*y**2 + 1. Let c(l) = -3*l**2 - l - 1. Let x(s) = -3*c(s) - 5*z(s). Determine x(d).
-12
Let n(d) = -34 - 4*d + d + 52 - 15 - 4*d**2 - d**3. What is n(-4)?
15
Suppose -i + 2 - 4 = 0. Let d(s) = -4527151 + 4527151 + s. Determine d(i).
-2
Let d(i) = -4*i**3 + 9*i**3 - 26*i**2 - 3*i**3 - 30 - 3*i**3 + 26*i. Let f be d(-27). Let x(h) = -2*h - 1. Give x(f).
5
Let h(m) = -3*m**3 + 4*m**2 - m - 2. Let n = 127 - 115. Suppose 27*f - n = 21*f. Determine h(f).
-12
Let o(w) = -6*w**2 - w + 1. Let f = 4 - -3. Let i = 8 - f. Suppose -2 + i = -c. Calculate o(c).
-6
Let t(o) = -o + 13. Let m(a) = 2*a - 29. Let u(f) = 2*m(f) + 5*t(f). Determine u(-4).
11
Let q be (2 - 4)/1 + 4. Let x(a) = -a**3 + a**2 - 3*a + 1. Calculate x(q).
-9
Let m = -373 - -370. Let l(r) = 0*r + 2*r - r + 4. What is l(m)?
1
Let w(n) be the third derivative of -n**5/60 + n**4/24 - n**3/6 + n**2. Suppose 68*r + 11 = l + 72*r, r = -l + 5. Give w(l).
-7
Let a(u) = -5*u**3 + 9*u**2 - 5*u + 7. Let q(z) = -z**3 + z**2 + 1. Let x = -24 - -20. Let d(p) = x*q(p) + a(p). Calculate d(3).
6
Let i(g) = 24*g + 43. Let v(p) = 7*p + 13. Let d(c) = -2*i(c) + 7*v(c). What is d(0)?
5
Let s(v) = -5*v + 46. Let o(p) = p - 9. Let b(i) = 11*o(i) + 2*s(i). Let r be 3 - (-13 - (1 + -10)). Calculate b(r).
0
Let k(q) = q**3 - 5*q**2 - 6*q - 2. Let v = 439 + -433. Give k(v).
-2
Let q(r) = -7*r**2 + 28*r - 38. Let b(y) = 12*y**2 - 55*y + 77. Let i(g) = -3*b(g) - 5*q(g). Determine i(23).
5
Let i(j) = j**2 + 3*j - 3. Let z(p) = 2*p - 6. Let w be z(3). Suppose w = -2*d + 3*d - 16. Suppose -14*x - d = -10*x. Determine i(x).
1
Let t = 7690 - 7690. Let l(f) = f**2 + 3 + f**3 - 3 - 1. Let w(u) = 4*u**3 + 6*u**2 - u + 2. Let d(n) = -5*l(n) + w(n). Determine d(t).
7
Suppose -5 = -4*r + 3*x + 2*x, -5*r + x + 1 = 0. Suppose r = 3*m - 7*m + 24. Let o(u) = -2*u + 2*u + m*u - u**2 - 7. Calculate o(6).
-7
Suppose 0 = 4*j - 4*c - 36, 7*j + c = 2*j + 15. Let z = -11 + 15. Suppose -2*u = z*a + 24, 3*a + a = j*u. Let g(d) = 3*d + 5. Give g(a).
-7
Let x(u) = 2*u - 4. Suppose 4*n + 4 - 8 = 0. Let d be (6/(-10))/(n/(-10)). Calculate x(d).
8
Let n(c) = 25*c**2 - 21*c - 4. Let x(z) = 9*z**2 - 11*z - 2. Let g(s) = -2*n(s) + 5*x(s). Calculate g(-3).
-8
Let d(t) = 96*t + 16. Let q(w) = -19*w - 3. Let a(h) = -2*d(h) - 11*q(h). Let c(r) = r + 7. Let m be c(-8). Calculate a(m).
-16
Let y(m) = -m**3 + m**2 - m + 4. Let l = 572 + -572. What is y(l)?
4
Let t(j) = j**3 + 5*j**2 - 5*j + 3. Suppose 2*h - 10 = 0, -10 = 3*c - 3*h + 5. Suppose 0*a - a - 6 = c. Determine t(a).
-3
Let i(z) = -z**3 + 3*z**2 + z + 1. Let n(y) be the first derivative of 3*y - 5*y**2 - 11/3*y**3 - 1/4*y**4 + 1. Let t be n(-10). Give i(t).
4
Let n(j) be the third derivative of j**4/3 + j**3 - 109*j**2. Give n(-5).
-34
Let u(q) be the second derivative of -q**5/20 - q**4/6 + q**3/6 + 3*q**2 - 215*q. Calculate u(-3).
12
Suppose 0 = y - 0 - 3. Let j(d) = 4*d**2 - 5*d**2 + y*d + 1 - 4. Let l(h) = 2*h**2 - 66*h + 2. Let u be l(33). Calculate j(u).
-1
Suppose -7 = 5*j + 3*p - 0, p = 3*j + 7. Let k(r) = -5*r**2 - 2*r - 1. What is k(j)?
-17
Let y(q) = -10*q**3 - q - 138*q**2 + 2*q - 143*q**2 + 281*q**2. Determine y(-1).
9
Let g(f) = -f**3 + 2*f - 1. Let w be g(-2). Let c(s) = -w + 2 - s**2 + 2*s + 4 - 6. Calculate c(3).
-6
Suppose 8 = 2*u - 16. Let m be (6/(-2))/(-3) + u. Let n(j) = 0 - 1 + j**3 + 2*j - 8*j**2 + m*j**2. Determine n(-3).
11
Let s(a) = a - 7. Let b(p) = p + 15. Let m be b(-8). Let d = 8 + m. Suppose 0 = -6*n + 3*n + d. Give s(n).
-2
Let g(v) = v**2 + 5*v - 3. Let k be g(-6). Suppose a + k*a = 16. Let u(r) = -a*r - 2*r**2 + 4*r + 0*r. Give u(-1).
-2
Suppose 5*r + f - 2 = 3, 2*r - 4*f = 24. Let y(p) = -8 + 3 + p + 0*p**2 - p**r + 4*p. Suppose 3*t + 35 = 10*t. Determine y(t).
-5
Suppose 5*p + 4 = 14. Let r(k) = -2*k**2 + 4*k - 2. Let t be r(p). Let q(y) = -2 + 1 + 5*y + 0 - 3*y. Give q(t).
-5
Let o(a) = -a**2 - 4*a + 2. Let b be -19 - -72 - (-2 + (0 - 0)). Let n be (-450)/b + 8 - 42/11. Determine o(n).
2
Let v(k) be the third derivative of k**5/60 + k**4/6 - k**3/2 + k**2. Suppose -3*o = 2*c - 4, 2*o + 26*c = 23*c + 1. Give v(o).
9
Suppose -3*g + 11 = -4. Suppose g = 3*f - 7. Let r be (5/f)/(3/12). Let p(y) = y**2 - 5*y - 6. What is p(r)?
-6
Let z(c) = 5 - c + 3 - 4. Suppose 41*f - 330 = 11*f. What is z(f)?
-7
Let n(h) = -h. Let b(t) = -3*t - 5. Let k(j) = -b(j) + 4*n(j). What is k(4)?
1
Let y(v) = 3*v - 8. Suppose 42 = 3*h - 3. Suppose o - 3*b + 10 = 1, 3*b = h. Determine y(o).
10
Let n(k) = 3*k**3 + 5*k**2 - 9*k - 9. Let d(p) = p**3 + 2*p**2 - 3*p - 3. Suppose 0 = -2*v - 268 + 282. Let r(l) = v*d(l) - 2*n(l). Calculate r(-4).
9
Let l(v) be the second derivative of v**5/20 - v**4/4 + 2*v**3/3 - 2*v**2 - 2*v. Suppose -12 = 4*d, 3*g + 2*g - d + 162 = 0. Let w = g - -36. Calculate l(w).
8
Suppose -3*z - 54 = -21*z. Let k be 6/z - (-5 + 7) - 3. Let j(v) = v + 7. Calculate j(k).
4
Let m(s) = -8*s - 12. Let h(q) = -3*q - 5. Let u(n) = -5*h(n) + 2*m(n). Give u(7).
-6
Let w(c) = 643 - 1285 + 641 + c. Calculate w(-1).
-2
Suppose -3*o + 2 = 2*h, 0 = o - 5*h - 3 - 9. Let a be 7/14 + 7/o. Let j(b) = -b**3 + 6*b**2 - 5*b - 4. Give j(a).
8
Suppose -t + 16 = -0*t + 4*m, -t = -4*m + 8. Let i(b) = -5*b - 14. Let x(c) = 2*c + 5. Let s(o) = t*i(o) + 11*x(o). Give s(-8).
-17
Suppose -v - 4*v = -455. Let f(l) = 5 + l**3 - l + 2*l - v*l**2 + 100*l**2. Let j be (-1 - (1 - 1)/2)*9. What is f(j)?
-4
Let b = -209 + 181. Let m(p) = p**3 + 29*p**2 + 27*p - 30. Calculate m(b).
-2
Let r(p) be the first derivative of -p**3/3 + 5*p**2 - p + 3. Calculate r(5).
24
Let s(v) be the first derivative of v**2/2 - 1. Suppose 4*h - 9*h = -d - 27, 25 = 5*h. What is s(d)?
-2
Let h = 58 + -54. Suppose h*x = -4 + 12, -i - 1 = x. Let j(u) = u**2 - 2. Let d(o) = 4*o**2 - 7. Let s(q) = -2*d(q) + 9*j(q). Calculate s(i).
5
Let i(l) be the first derivative of l**3/3 - 5*l**2/2 - 5*l + 46. Let k(u) = -u**2 + 8*u - 3. Let c be k(7). Calculate i(c).
-9
Let i(y) = y**2 + 10